 + 0*y**4 - 1/360*y**6 + 0. Let h(i) be the first derivative of u(i). Determine h(2).
-2
Let i(z) = -9*z - 8. Let m(k) = -k - 1. Let x(q) = -4*q - 3. Let w(j) = -4*m(j) - x(j). Let g(d) = -4*i(d) - 5*w(d). Let u = 3 + -5. Calculate g(u).
5
Let j(a) = a**3 - 4*a - 3. Suppose -u = u + 4. Let k(o) = -o**2 - o. Let q be k(u). What is j(q)?
-3
Let m be (-4)/(-18) - (-2)/(-9). Suppose 0 = 3*o - 2*i + 1, o - 7 = -m*o - 3*i. Let l(y) = 3*y - 2*y - 9*y**3 - 1 + 0*y + y**2. Determine l(o).
-8
Let n(f) be the third derivative of f**5/40 + 5*f**4/24 - f**3/6 + f**2. Let r(b) be the first derivative of n(b). Suppose -5*w - 16 - 4 = 0. What is r(w)?
-7
Let q(p) be the second derivative of -p**5/60 - p**4/8 - 5*p**3/6 + p**2/2 - 2*p. Let g(c) be the first derivative of q(c). What is g(-4)?
-9
Suppose -15 = 4*y + u, 25 = -3*y - y + u. Let d(g) = g**3 + 6*g**2 + 8*g - g - 2*g + 5. What is d(y)?
5
Let p be -3 + 21*3/9. Let b(t) = -t**3 + 9*t**2 + 5*t + 4. Let a(y) = y**3 - 10*y**2 - 6*y - 5. Let j(x) = 5*a(x) + 6*b(x). Determine j(p).
-1
Let q be (-7)/6 + 3/18. Let x(u) = -9*u**3 + 1. Give x(q).
10
Suppose 0 = -u + 6*u - 2*q - 2, 3*q - 4 = 4*u. Let t(w) be the first derivative of 1/3*w**3 + w - 1/2*w**2 + 1. Give t(u).
3
Let k = 89 + -89. Let s(w) = 3*w + 2*w + 8 - 4*w. Give s(k).
8
Let s be (0 + (1 - 2))/(-1). Let v(f) = -4 + 15*f - 2 + s - 16*f. Calculate v(-4).
-1
Let a(y) be the first derivative of -y**3/3 + y**2/2 + 2*y - 2. Suppose 4 = 4*h - 8. Give a(h).
-4
Let k(x) = x + 6. Let w(j) = j**3 - 7*j**2 - 6. Let n be w(7). Let s(m) = m**3 + 7*m**2 + 6*m - 7. Let u be s(n). Determine k(u).
-1
Let k(l) be the third derivative of l**5/60 - l**4/24 + 28*l**2. What is k(-1)?
2
Let z = 5 - 7. Let r(u) be the second derivative of -2*u**3/3 - u**2/2 + 8*u. What is r(z)?
7
Let m(q) = 3*q**2 - 16*q - 9. Let d(r) = -4*r**2 + 24*r + 14. Let w(l) = -5*d(l) - 7*m(l). Give w(-6).
5
Suppose 4*j - b - 2 = 0, 2 = -2*j - 4*b - 6. Let q(g) = -3*g**2 - 2*g + 3 - 2*g + j*g - g**3 + 2*g. Give q(-3).
9
Let c(z) = -z**2 + 8*z - 8. Let s = 65 - 59. Determine c(s).
4
Let t(y) be the third derivative of 1/6*y**4 - 1/60*y**5 + y**2 + 0*y + 0 - 2/3*y**3. What is t(6)?
-16
Let k(l) = -6*l + 1. Let f(u) = -30*u + 5. Let r(t) = -2*f(t) + 11*k(t). Determine r(-1).
7
Let f(d) = -3*d - 14. Let h(i) = i + 5. Let q(l) = -4*f(l) - 11*h(l). Determine q(-7).
-6
Let f(a) be the third derivative of a**5/4 + a**4/24 - a**3/6 + 2*a**2. What is f(1)?
15
Let i(a) = a**2 - 4*a - 3. Suppose -d + 2 - 1 = 0. Let v(x) = 1. Let y(s) = d*i(s) + 3*v(s). Let n be 1 - (-2)/(-2)*-1. Give y(n).
-4
Let d(t) = 2*t**3 + 5*t**2 + 3*t + 4. Suppose -5*r - 4 = w + 9, r = 3*w + 7. Calculate d(w).
-14
Let w(s) = -4*s + 1. Suppose 13 + 3 = 4*u. Calculate w(u).
-15
Let d(m) = -4*m**2 + 4*m - 22. Let l(r) = 3*r**2 - 3*r + 15. Let z(x) = -5*d(x) - 7*l(x). Give z(0).
5
Let k be 4 - 0*3/9. Let w(h) = k*h**2 + h - 3 + 10*h**3 - 3*h - 9*h**3. Let p(n) = -n + 1. Let q be p(5). What is w(q)?
5
Let l(x) = x**2 + 81 - 2*x**3 - 43 - 39. Calculate l(2).
-13
Let q be 1 + -4 + 0/(-1). Suppose -4*t - 5 = -9. Let o(l) = -15*l + 1 + 1 + 13*l - t. Determine o(q).
7
Let c(f) = 2*f**2 + 4*f + 2. Let l be c(-3). Let u(z) = -z + 10. Give u(l).
2
Let h(u) = -u**2 + 10*u + 14. Let k be h(11). Suppose 0 = -k*v + 4 + 2. Suppose 3*n - 10 - 9 = r, v*n - 2 = -2*r. Let b(s) = -s**2 - 7*s. What is b(r)?
12
Let p(q) be the third derivative of -q**6/120 - q**5/12 - 7*q**4/24 - 5*q**3/6 - 20*q**2. Determine p(-4).
7
Let y(a) = 6*a**2 + 6*a - 60. Let j(o) = 2*o + o**2 - 12 + 4*o - 5*o. Let w(r) = -11*j(r) + 2*y(r). What is w(0)?
12
Let n(z) = z**2 + 5*z. Let u = 0 - -5. Suppose 0 = u*q - 0*q - 100. Suppose 5*v = v - q. Determine n(v).
0
Let z = 69 + -46. Let o(x) = -3*x**2 + z*x + 4*x**2 - 29*x - 7. Give o(7).
0
Let z = -11 + 16. Let n be ((-2)/(-3))/(2/6). Suppose -29 = n*q + 5*d, -3*d = -2*d + z. Let w(v) = 2*v**3 + 3*v**2 + 2*v + 2. Give w(q).
-6
Let f(y) = -2*y**2 - 2*y - 1. Let g be f(-2). Let u(w) = -w**3 - 4*w**2 + 7*w + 7. What is u(g)?
-3
Let p = 4 - -4. Let b(f) = -7*f - 8*f**3 + 6 - 2*f**2 + 7*f**3 + p*f**2. Calculate b(5).
-4
Let z(v) = -v**2 + 4*v + 2. Let x be z(4). Let b(h) = 4*h**2 - 5*h**x - h + 1 - 4. Let i(t) = -t + 3. Let a be i(6). What is b(a)?
-9
Let j(k) be the second derivative of k**4/24 - 7*k**3/6 + 7*k**2/2 - 7*k. Let b(p) be the first derivative of j(p). What is b(0)?
-7
Let z(m) be the second derivative of -2/3*m**3 - 3/2*m**2 - 2*m + 0 - 1/6*m**4. Let o(g) = -g**3 - 7*g**2 - 6*g - 3. Let f be o(-6). Calculate z(f).
-9
Let y(d) = -d**2 + 5*d + 2. Let a(f) = -f**2 + 5*f + 3. Let n be a(5). Suppose -14 - 13 = -n*p. Suppose -8 - p = -2*z + 3*g, -4*z - 2*g = -10. What is y(z)?
6
Let z(l) be the second derivative of l**4/12 + l**3/6 + l**2/2 - 2*l. Suppose -q + 5*q = -32. Let y = -6 - q. Give z(y).
7
Let t(f) be the first derivative of 0*f - 1/3*f**3 - 1/24*f**4 + 0*f**2 + 2 + 1/40*f**5. Let m(u) be the third derivative of t(u). Determine m(-1).
-4
Let g(m) = -m**3 + 9*m**2 - 8*m + 5. Let d be g(8). Suppose 4*z + 11 = 5*x, -d*z - 1 = -2*x - 0*x. Let c(q) = -q**3 + 4*q**2 - q. Give c(x).
6
Let w(v) be the second derivative of -v**3/6 + 11*v**2/2 - 12*v + 1. Give w(8).
3
Suppose -q + 2*f + 4 = -f, 2*f = 0. Suppose -l + q = l. Let h(x) = -4*x - l + 1 + 5*x. Give h(4).
3
Let u(m) = -m**2 - 6*m - 7. Let p = 16 - 22. Give u(p).
-7
Let u be (-180)/81 + (-4)/(-18). Let h(b) = 5*b**2 + b - 6. Let x(j) = 3*j**2 + j - 3. Let d(v) = 4*h(v) - 7*x(v). Give d(u).
-1
Let a be 5 + -2 + (5 - 4). Let o(z) = z + 11*z**2 + 1 - a*z**2 - 8*z**2. What is o(2)?
-1
Let u(t) = -t**2 + 2*t + 4. Suppose -r = -1 + 2. Let z = 5 + r. Give u(z).
-4
Let l(b) = -3*b + b**2 - 8*b + 7*b - 7. Let f be l(6). Let v(i) = i**3 - 4*i**2 - 7*i + 5. Determine v(f).
-5
Suppose 5*n = -28 - 12. Let w = n - -13. Suppose r - 13 = -3*s, -4*r = 5*s - w*r - 27. Let t(a) = -a**2 + 5*a - 4. Determine t(s).
-4
Let r(g) = 0*g**2 - 5 + 4*g + 0*g - 4*g**2 + 2*g**2. What is r(4)?
-21
Let h be 12 - ((5 - 3) + -5). Suppose -3*a - h = 2*r, -13 = 3*r - 0*a - 5*a. Let f(t) = t**2 + 6*t - 5. Calculate f(r).
-5
Let p = 16 + -12. Let l(m) = m**3 - 3*m**2 - 7*m + 6. Calculate l(p).
-6
Let y(c) = -10*c**2 + c - 1. Let d(z) = z**2 + 9*z - 9. Let l be d(-10). What is y(l)?
-10
Suppose -3*r = r - 20. Let h(v) = -v**2 + 4*v + 1. Let z = 5 + -6. Let a(b) = -1. Let p(y) = z*h(y) - 3*a(y). What is p(r)?
7
Suppose 4*y - 6 = 2*y. Suppose -n = y*n + 20. Let j(z) = z**3 + 5*z**2 + 1. Determine j(n).
1
Let c(m) be the second derivative of m**4/12 + m**3/2 + 3*m. What is c(-3)?
0
Let v(r) = -7*r**2 - r - 1. Let k = 24 + -25. Determine v(k).
-7
Suppose 0 = -3*l + 2*w - 3*w - 7, -2 = 3*l - 4*w. Let i(d) = 3*d - 1. Determine i(l).
-7
Let o(t) = -2*t - 1. Let f(j) = 3*j. Suppose 3*p + 2*r = 9, 3*r - 15 = -5*p + 4*r. Let c(u) = p*f(u) + 4*o(u). Give c(0).
-4
Let x(n) = 3*n + 2. Let g be x(0). Let a(r) = 2*r**3 - 2*r**2 + r - 1. Give a(g).
9
Let p(m) be the first derivative of -m**6/360 + m**5/40 + m**4/8 + 2*m**3/3 + 3. Let d(h) be the third derivative of p(h). What is d(4)?
-1
Let t(c) = c**2 + 9*c - 2. Let y(h) = h**2 + 8*h - 1. Let k(i) = -5*t(i) + 6*y(i). Let z be ((-12)/16)/((-1)/(-4)). Calculate k(z).
4
Suppose y = -0*y - 5*q + 8, y + 2*q = 5. Suppose 5*r + 2*n - 11 = 6, -r = y*n + 7. Let d(z) = -r + 4*z + 3 - 5. What is d(5)?
13
Let l(u) = u - 1. Let o be (2/5)/(4/10). Suppose -o = -4*r - 13. Calculate l(r).
-4
Let g(y) = -y - 4*y**3 - 6 + 2*y**3 + 3*y**3 + y**2. Let s be 3/(6/(-4))*-1. Suppose 0 = -5*q + q - 5*b, -3*b = s*q. Calculate g(q).
-6
Let b(v) be the third derivative of -v**6/120 - v**5/12 - 5*v**3/6 - 5*v**2. Suppose 3*j + 3 = 9. Suppose 2*x = -2*t - 14, j*t - 3*x + 7 = 3. What is b(t)?
-5
Let s(f) = -7*f + 13 - 9*f + 17*f + 1. Determine s(0).
14
Suppose -4*o = -o + 15. Let g(u) be the second derivative of 1/6*u**3 + 0 - 2*u + 3*u**2. What is g(o)?
1
Let d be 6 + (-1 - -3)*-1. Let j(y) = 1 + 1 - d*y - 1 - y. Let r(b) = b**3 + 5*b**2 + b + 6. Let w be r(-5). Determine j(w).
-4
Suppose 2*w - 14 = -0*w. Let d = -4 + w. Let t(j) = -1. Let r(v) = -2*v - 6. Let h(g) = -r(g) + 4*t(g). Determine h(d).
8
Let v(s) = -3*s**3 - 9*s**2 + 2*s + 7. Let i be v(-3). Let y(u) = 2*u**3 - 1. Give y(i).
1
Suppose 3*g = 6